ed by 756.
702
Calculate the remainder when 24735 is divided by 552.
447
What is the remainder when 4232 is divided by 172?
104
Calculate the remainder when 24446 is divided by 24.
14
Calculate the remainder when 643 is divided by 232.
179
Calculate the remainder when 82 is divided by 28.
26
Calculate the remainder when 33982 is divided by 16885.
212
Calculate the remainder when 32391 is divided by 4027.
175
Calculate the remainder when 1916 is divided by 191.
6
What is the remainder when 41675 is divided by 6926?
119
What is the remainder when 5089 is divided by 100?
89
What is the remainder when 9542 is divided by 5?
2
What is the remainder when 38080 is divided by 19024?
32
Calculate the remainder when 18318 is divided by 88.
14
Calculate the remainder when 12180 is divided by 18.
12
Calculate the remainder when 12671 is divided by 12635.
36
What is the remainder when 19812 is divided by 949?
832
What is the remainder when 3017 is divided by 67?
2
Calculate the remainder when 281363 is divided by 12.
11
What is the remainder when 806 is divided by 18?
14
Calculate the remainder when 1519581 is divided by 66.
63
What is the remainder when 22453 is divided by 212?
193
What is the remainder when 434 is divided by 155?
124
What is the remainder when 93534 is divided by 130?
64
Calculate the remainder when 1384736 is divided by 21.
17
Calculate the remainder when 707883 is divided by 10.
3
Calculate the remainder when 29229 is divided by 172.
161
Calculate the remainder when 375606 is divided by 925.
56
Calculate the remainder when 74666 is divided by 74.
0
What is the remainder when 142962 is divided by 737?
721
What is the remainder when 13715 is divided by 2733?
50
What is the remainder when 1510 is divided by 159?
79
What is the remainder when 46188 is divided by 245?
128
What is the remainder when 6406 is divided by 741?
478
Calculate the remainder when 8803912 is divided by 21.
19
Calculate the remainder when 2536 is divided by 54.
52
What is the remainder when 2431 is divided by 615?
586
What is the remainder when 986347 is divided by 273?
271
Calculate the remainder when 3819 is divided by 222.
45
What is the remainder when 135825 is divided by 16?
1
What is the remainder when 2685 is divided by 814?
243
What is the remainder when 2630033 is divided by 2604?
2597
What is the remainder when 23169 is divided by 3?
0
What is the remainder when 21557 is divided by 583?
569
What is the remainder when 2172 is divided by 2123?
49
Calculate the remainder when 2238 is divided by 371.
12
What is the remainder when 8225 is divided by 344?
313
Calculate the remainder when 16115 is divided by 283.
267
What is the remainder when 11231 is divided by 56?
31
Calculate the remainder when 246116 is divided by 826.
794
Calculate the remainder when 1413 is divided by 156.
9
Calculate the remainder when 889 is divided by 112.
105
Calculate the remainder when 96093 is divided by 2825.
43
What is the remainder when 1812 is divided by 38?
26
Calculate the remainder when 50324 is divided by 25157.
10
Calculate the remainder when 17226 is divided by 25.
1
What is the remainder when 2044 is divided by 1204?
840
Calculate the remainder when 20790 is divided by 198.
0
What is the remainder when 83430 is divided by 907?
893
Calculate the remainder when 500 is divided by 57.
44
Calculate the remainder when 904113 is divided by 180822.
3
Calculate the remainder when 835821 is divided by 1675.
1671
Calculate the remainder when 100261 is divided by 17.
12
What is the remainder when 6113 is divided by 3042?
29
What is the remainder when 13012 is divided by 765?
7
What is the remainder when 312 is divided by 152?
8
What is the remainder when 11120 is divided by 90?
50
What is the remainder when 121827 is divided by 104?
43
What is the remainder when 14106 is divided by 613?
7
Calculate the remainder when 1005878 is divided by 394.
390
What is the remainder when 9371 is divided by 14?
5
Calculate the remainder when 9696 is divided by 7.
1
Calculate the remainder when 5738 is divided by 840.
698
What is the remainder when 26586 is divided by 119?
49
Calculate the remainder when 1689219 is divided by 899.
897
What is the remainder when 8238 is divided by 62?
54
Calculate the remainder when 329 is divided by 163.
3
What is the remainder when 50616 is divided by 12654?
0
Calculate the remainder when 8481 is divided by 642.
135
What is the remainder when 915 is divided by 478?
437
Calculate the remainder when 389184 is divided by 1342.
4
Calculate the remainder when 2408 is divided by 662.
422
Calculate the remainder when 7331 is divided by 387.
365
What is the remainder when 5576 is divided by 1385?
36
What is the remainder when 1969123 is divided by 1335?
1333
Calculate the remainder when 486906 is divided by 60862.
10
Calculate the remainder when 36573 is divided by 72.
69
What is the remainder when 2303 is divided by 1298?
1005
Calculate the remainder when 1683 is divided by 1678.
5
What is the remainder when 13810 is divided by 23?
10
Calculate the remainder when 2867 is divided by 2816.
51
What is the remainder when 99421 is divided by 850?
821
What is the remainder when 202966 is divided by 8?
6
Calculate the remainder when 660145 is divided by 167.
161
Calculate the remainder when 38233 is divided by 553.
76
What is the remainder when 97617 is divided by 7?
2
Calculate the remainder when 13042 is divided by 685.
27
What is the remainder when 44734 is divided by 14864?
142
Calculate the remainder when 28245 is divided by 1859.
360
Calculate the remainder when 2058 is divided by 178.
100
What is the remainder when 98142 is divided by 785?
17
What is the remainder when 305248 is divided by 229?
220
Calculate the remainder when 9766 is divided by 54.
46
What is the remainder when 40211 is divided by 551?
539
Calculate the remainder when 5723487 is divided by 5.
2
Calculate the remainder when 15641 is divided by 45.
26
What is the remainder when 44188 is divided by 14693?
109
What is the remainder when 204684 is divided by 29237?
25
What is the remainder when 11864 is divided by 516?
512
What is the remainder when 249598 is divided by 10849?
71
Calculate the remainder when 7778 is divided by 2570.
68
Calculate the remainder when 24168 is divided by 213.
99
What is the remainder when 13709 is divided by 3427?
1
What is the remainder when 40369 is divided by 5766?
7
Calculate the remainder when 4132 is divided by 159.
157
What is the remainder when 1180 is divided by 172?
148
Calculate the remainder when 484567 is divided by 13096.
15
What is the remainder when 598 is divided by 314?
284
What is the remainder when 36814 is divided by 87?
13
What is the remainder when 181133 is divided by 60?
53
Calculate the remainder when 3754 is divided by 316.
278
What is the remainder when 21436 is divided by 320?
316
What is the remainder when 1989 is divided by 135?
99
What is the remainder when 91544 is divided by 1346?
16
What is the remainder when 122809 is divided by 242?
115
Calculate the remainder when 3063 is divided by 322.
165
Calculate the remainder when 6067 is divided by 560.
467
Calculate the remainder when 751139 is divided by 234.
233
Calculate the remainder when 22592 is divided by 85.
67
What is the remainder when 4001 is divided by 370?
301
Calculate the remainder when 130674 is divided by 270.
264
What is the remainder when 14687 is divided by 672?
575
Calculate the remainder when 60079 is divided by 20.
19
What is the remainder when 1404750 is divided by 468248?
6
What is the remainder when 5311 is divided by 11?
9
Calculate the remainder when 2068 is divided by 302.
256
What is the remainder when 27879 is divided by 332?
323
Calculate the remainder when 19812 is divided by 18.
12
What is the remainder when 497074 is divided by 19?
15
What is the remainder when 6169 is divided by 130?
59
What is the remainder when 14334 is divided by 3583?
2
Calculate the remainder when 2576 is divided by 373.
338
What is the remainder when 9857 is divided by 583?
529
What is the remainder when 3671 is divided by 167?
164
What is the remainder when 9617 is divided by 898?
637
What is the remainder when 81468 is divided by 131?
117
Calculate the remainder when 80425 is divided by 20